{"id":27,"date":"2021-10-26T15:20:24","date_gmt":"2021-10-26T13:20:24","guid":{"rendered":"https:\/\/kh-35565.shared19.keymachine.de\/wp21\/?page_id=27"},"modified":"2024-04-22T14:01:36","modified_gmt":"2024-04-22T12:01:36","slug":"impressum","status":"publish","type":"page","link":"https:\/\/shop.design-erfurt.de\/?page_id=27","title":{"rendered":"Impressum"},"content":{"rendered":"<p>[vc_row][vc_column][vc_column_text]<\/p>\n<h1>Impressum<\/h1>\n<p>[\/vc_column_text][\/vc_column][\/vc_row][vc_row][vc_column][vc_column_text]<\/p>\n<h2><strong>DESIGNKOLLEKTIV Erfurt<\/strong><\/h2>\n<p>Michaelisstra\u00dfe 19<br \/>\n99084 Erfurt<br \/>\nTelefon: +49 (0) 361 \/ 430 22 981<br \/>\nMobil:\u00a0+49 (0) 1573 \/ 18 18 598<br \/>\nMail:\u00a0<a href=\"mailto:info@design-erfurt.de\">info@design-erfurt.de<\/a><\/p>\n<p><strong>\u00d6ffnungszeiten und Termine nach Absprache<\/strong><\/p>\n<h6><em>Alle Texte, Bilder, Illustrationen und Dateien\u00a0<\/em><em>unterliegen dem Urheberrecht und anderen\u00a0<\/em><em>Gesetzen zum Schutz geistigen Eigentums.<br \/>\n<\/em><em>F\u00fcr Inhalte der weiterf\u00fchrenden Links \u00fcbernimmt\u00a0das DESIGNKOLLEKTIV Erfurt keine Haftung.<\/em><\/h6>\n<h6><em><br \/>\n<\/em>2021 DESIGNKOLLEKTIV Erfurt | Bilder: DESIGNKOLLEKTIV Erfurt<\/h6>\n<p>[\/vc_column_text][\/vc_column][\/vc_row][vc_row][vc_column][vc_column_text]<div class=\"woocommerce woocommerce-gzd woocommerce-gzd-complaints-shortcode\">\n\t<h3>Alternative Dispute Resolution in accordance with Art. 14 (1) ODR-VO and \u00a7 36 VSBG:<\/h3>\n\n<p>Die Europ\u00e4ische Kommission stellt eine Plattform zur Online-Streitbeilegung (OS) bereit, die du unter <a href=\"https:\/\/ec.europa.eu\/consumers\/odr\" target=\"_blank\">https:\/\/ec.europa.eu\/consumers\/odr<\/a> findest. Zur Teilnahme an einem Streitbeilegungsverfahren vor einer Verbraucherschlichtungsstelle sind wir nicht verpflichtet und nicht bereit.<\/p>\n<\/div>[\/vc_column_text][\/vc_column][\/vc_row]<\/p>\n","protected":false},"excerpt":{"rendered":"<p>[vc_row][vc_column][vc_column_text] Impressum [\/vc_column_text][\/vc_column][\/vc_row][vc_row][vc_column][vc_column_text] DESIGNKOLLEKTIV Erfurt Michaelisstra\u00dfe 19 99084 Erfurt Telefon: +49 (0) 361 \/ 430 22 981 Mobil:\u00a0+49 (0) 1573 \/ 18 18 598 Mail:\u00a0info@design-erfurt.de \u00d6ffnungszeiten und Termine nach Absprache Alle Texte, Bilder, Illustrationen und Dateien\u00a0unterliegen dem Urheberrecht und anderen\u00a0Gesetzen zum Schutz geistigen Eigentums. F\u00fcr Inhalte der weiterf\u00fchrenden Links \u00fcbernimmt\u00a0das DESIGNKOLLEKTIV Erfurt keine Haftung. 2021 &hellip;<\/p>\n","protected":false},"author":1,"featured_media":0,"parent":0,"menu_order":0,"comment_status":"closed","ping_status":"closed","template":"","meta":{"inline_featured_image":false,"footnotes":""},"class_list":["post-27","page","type-page","status-publish","hentry"],"_links":{"self":[{"href":"https:\/\/shop.design-erfurt.de\/index.php?rest_route=\/wp\/v2\/pages\/27","targetHints":{"allow":["GET"]}}],"collection":[{"href":"https:\/\/shop.design-erfurt.de\/index.php?rest_route=\/wp\/v2\/pages"}],"about":[{"href":"https:\/\/shop.design-erfurt.de\/index.php?rest_route=\/wp\/v2\/types\/page"}],"author":[{"embeddable":true,"href":"https:\/\/shop.design-erfurt.de\/index.php?rest_route=\/wp\/v2\/users\/1"}],"replies":[{"embeddable":true,"href":"https:\/\/shop.design-erfurt.de\/index.php?rest_route=%2Fwp%2Fv2%2Fcomments&post=27"}],"version-history":[{"count":1,"href":"https:\/\/shop.design-erfurt.de\/index.php?rest_route=\/wp\/v2\/pages\/27\/revisions"}],"predecessor-version":[{"id":513,"href":"https:\/\/shop.design-erfurt.de\/index.php?rest_route=\/wp\/v2\/pages\/27\/revisions\/513"}],"wp:attachment":[{"href":"https:\/\/shop.design-erfurt.de\/index.php?rest_route=%2Fwp%2Fv2%2Fmedia&parent=27"}],"curies":[{"name":"wp","href":"https:\/\/api.w.org\/{rel}","templated":true}]}}