{"id":28,"date":"2021-10-26T15:20:24","date_gmt":"2021-10-26T13:20:24","guid":{"rendered":"https:\/\/kh-35565.shared19.keymachine.de\/wp21\/?page_id=28"},"modified":"2024-04-22T14:18:09","modified_gmt":"2024-04-22T12:18:09","slug":"agb","status":"publish","type":"page","link":"https:\/\/shop.design-erfurt.de\/?page_id=28","title":{"rendered":"AGB"},"content":{"rendered":"<p>[vc_row][vc_column][vc_column_text]<\/p>\r\n<h1>AGB<\/h1>\r\n<p>[\/vc_column_text][\/vc_column][\/vc_row][vc_row][vc_column][vc_column_text]<\/p>\r\n<p><strong>Allgemeine Gesch\u00e4ftsbedingungen<\/strong><\/p>\r\n\r\n<p><strong>\u00a71 Geltung der Bedingungen<\/strong><\/p>\r\n\r\n<p>(1) DESIGNKOLLEKTIV Erfurt, Michaelisstra\u00dfe 19, 99084 Erfurt, erbringt s\u00e4mtliche Lieferungen und Leistungen ausschlie\u00dflich auf der Grundlage dieser Gesch\u00e4ftsbedingungen. Mit Auftragserteilung erkennt der Auftraggeber diese Gesch\u00e4ftsbedingungen an.<\/p>\r\n\r\n<p>(2) Abweichungen von diesen Gesch\u00e4ftsbedingungen sind nur wirksam, wenn\u00a0DESIGNKOLLEKTIV Erfurt\u00a0diese schriftlich best\u00e4tigt.<\/p>\r\n\r\n<p><strong>\u00a72 Vertragsabschluss<\/strong><\/p>\r\n\r\n<p>(1) Das von\u00a0DESIGNKOLLEKTIV Erfurt\u00a0abgegebene Angebot hat zwei Wochen G\u00fcltigkeit. Der Vertrag mitdem Auftraggeber kommt durch eine schriftliche Auftragsbest\u00e4tigung (auch per E-Mail) oder durch die m\u00fcndliche Vereinbarung eines ersten Pr\u00e4sentations-Termins zustande.<\/p>\r\n\r\n<p>(2) Unser Angebot versteht sich vorbehaltlich der Preisgestaltung f\u00fcr Leistungen Dritter, auf deren Leistung wir im Rahmen des Auftrags zur\u00fcckgreifen, sofern kein Festpreis vereinbart wurde. Bei Angebotsabweichung von mehr als 20% muss zuvor die Zustimmung des Auftraggebers erfolgen.<\/p>\r\n\r\n<p><strong>\u00a73 Verschwiegenheitspflicht<\/strong><\/p>\r\n\r\n<p>(1) Das DESIGNKOLLEKTIV Erfurt verpflichtet sich, sowohl alle den Auftraggeber betreffenden Gesch\u00e4ftsangelegenheiten, -vorg\u00e4nge und -geheimnisse als auch s\u00e4mtliche Unterlagen und Informationen vertraulich zu behandeln. Die Verschwiegenheitspflicht gilt \u00fcber das Vertragsende hinaus.<\/p>\r\n\r\n<p><strong>\u00a74 Urheber- und Nutzungsrechte<\/strong><\/p>\r\n\r\n<p>(1) Das DESIGNKOLLEKTIV Erfurt geht bei der Verwendung von Vorlagen des Auftraggebers davon aus, dass diese nicht mit Rechten Dritter belastet sind und dass der Auftraggeber \u00fcber das f\u00fcr den Auftrag erforderliche Nutzungsrecht verf\u00fcgt.<\/p>\r\n\r\n<p>(2) Der Auftraggeber r\u00e4umt dem DESIGNKOLLEKTIV Erfurt das Recht ein, mit den erbrachten Leistungen \u2013 auch wenn sie auf Vorlagen des Auftraggebers oder des Kunden des Auftraggebers beruhen \u2013 Eigenwerbung zu betreiben.<\/p>\r\n\r\n<p>(3) Die an uns erteilten Auftr\u00e4ge, die auf kreativen Leistungen beruhen (z.B. Entw\u00fcrfe, Logo-Entwicklung, Templates, CSS-Vorgaben etc.) basieren auf einem URHEBERRECHTSVERTRAG, der Nutzungsrechte einr\u00e4umt.<\/p>\r\n\r\n<p>(4) Alle kreativen Leistungen d\u00fcrfen f\u00fcr die auftragsgem\u00e4\u00df vereinbarte Nutzungsart und den vereinbarten Nutzungszweck verwertet werden. Weitergehende Nutzungen bed\u00fcrfen der Zustimmung von\u00a0DESIGNKOLLEKTIV Erfurt\u00a0 Hierf\u00fcr kann gegebenenfalls ein zus\u00e4tzliches Nutzungshonorar vereinbart werden.<\/p>\r\n\r\n<p>(5) Der Auftraggeber erwirbt mit Zahlung des vereinbarten Honorars das Recht, s\u00e4mtliche Arbeiten wie vereinbart zu nutzen.<\/p>\r\n\r\n<p>(6) Das Nutzungsrecht an einer von\u00a0DESIGNKOLLEKTIV Erfurt\u00a0entwickelten oder gelieferten Software umfasst die Nutzung und die Vervielf\u00e4ltigung nur f\u00fcr das konkrete beauftragte Projekt. Alle Urheberrechte bleiben vorbehalten.<\/p>\r\n\r\n<p>(7)Der Auftraggeber wird alle Schutzvermerke wie Copyright-Vermerke und andere Rechtsvorbehalte in von\u00a0DESIGNKOLLEKTIV Erfurt\u00a0gelieferter Software unver\u00e4ndert \u00fcbernehmen.<\/p>\r\n\r\n<p><strong>\u00a75 Sonderleistungen<\/strong><\/p>\r\n\r\n<p>(1) Gesondert berechnet werden \u00c4nderungen\/Korrekturen, die nach Entwurfsfreigabe bzw. Onlinestellung der Website erfolgen, ebenso Druckabwicklung, \u00dcbersetzungskosten, technische Kosten etc.<\/p>\r\n\r\n<p>(2) Zur Auftragsdurchf\u00fchrung n\u00f6tige Fremdleistungen werden in Absprache mit dem Auftraggeber in Rechnung gestellt. Der zeitliche Aufwand f\u00fcr das Einholen diverser Angebote f\u00fcr einen bestimmten Auftrag kann in Rechnung gestellt werden.<\/p>\r\n\r\n<p><strong>\u00a76 Abnahme<\/strong><\/p>\r\n\r\n<p>(1)Sobald das DESIGNKOLLEKTIV Erfurt dem Auftraggeber die Abnahmebereitschaft mitgeteilt hat, ist der Auftraggeber zur Abnahme verpflichtet. Die Abnahme ist schriftlich zu erkl\u00e4ren.<\/p>\r\n\r\n<p>(2) Die vertragliche Leistung von dem DESIGNKOLLEKTIV Erfurt gilt als vom Auftraggeber abgenommen, wenn das DESIGNKOLLEKTIV Erfurt die Abnahmebereitschaft mitgeteilt hat und der Auftraggeber daraufhin nicht innerhalb eines angemessenen Zeitraums, sp\u00e4testens jedoch nach 20 Werktagen, die Abnahme erkl\u00e4rt oder unter detaillierter Angabe von begr\u00fcndeten M\u00e4ngeln verweigert.<\/p>\r\n\r\n<p>(3) W\u00e4hrend der Fertigstellungsphase einer Website ist das DESIGNKOLLEKTIV Erfurt berechtigt, dem Kunden einzelne Bestandteile der Website zur Teilabnahme vorzulegen. Der Auftraggeber ist zur Teilabnahme verpflichtet, sofern die betreffenden Bestandteile den vertraglichen Anforderungen entsprechen.<\/p>\r\n\r\n<p>(4) Der Auftrag endet mit der Abnahme durch den Auftraggeber. Wurde ein Zeitrahmen vereinbart, wird durch den Auftraggeber eine angemessene zeitliche Abweichung akzeptiert.<\/p>\r\n\r\n<p>(5) Eine Korrekturphase wird innerhalb einer angemessenen Nachfrist akzeptiert.<\/p>\r\n\r\n<p><strong>\u00a77 Druckfreigabe<\/strong><\/p>\r\n\r\n<p>(1) Druckprodukte werden schriftlich (auch per E-Mail) durch den Auftraggeber freigegeben. Textkorrektur wird entweder durch den Auftraggeber eigenverantwortlich oder durch ein qualifiziertes Lektorat, welches in Absprache mit dem Auftraggeber beauftragt wird, durchgef\u00fchrt.<\/p>\r\n\r\n<p><strong>\u00a78 Zahlungsmodalit\u00e4ten<\/strong><\/p>\r\n\r\n<p>(1) Die Verg\u00fctung ist bei Lieferung ohne jeden Abzug f\u00e4llig.<\/p>\r\n\r\n<p>(2) Bei umfangreichen Auftragsarbeiten kann eine Anzahlung bei Angebotsannahme oder eine Zwischenrechnung nach einer Teilfreigabe vereinbart werden.<\/p>\r\n\r\n<p>(3) Bis zur vollst\u00e4ndigen Zahlung des Kaufpreises bleibt die von\u00a0DESIGNKOLLEKTIV Erfurt\u00a0realisierte Lieferung oder Leistung Eigentum von DESIGNKOLLEKTIV Erfurt. \u00a0Wenn der Auftraggeber mit der Zahlung in Verzug ger\u00e4t, kann DESIGNKOLLEKTIV Erfurt\u00a0unbeschadet sonstiger Rechte den gelieferten Gegenstand zur Sicherung ihrer Rechte zur\u00fccknehmen, wenn sie dies dem Kunden angek\u00fcndigt und ihm eine angemessene Nachfrist gesetzt hat.<\/p>\r\n\r\n<p><strong>\u00a79 Haftungsregelungen<\/strong><\/p>\r\n\r\n<p>(1) Die Haftung vom DESIGNKOLLEKTIV Erfurt f\u00fcr vertragliche Pflichtverletzungen ist auf den Vorsatz und grobe Fahrl\u00e4ssigkeit beschr\u00e4nkt.<\/p>\r\n\r\n<p>(2) Das DESIGNKOLLEKTIV Erfurt \u00fcbernimmt keine Haftung f\u00fcr finanzielle und andere Sch\u00e4den, die durch zeitliche Verz\u00f6gerung des Auftraggebers beanstandet werden.<\/p>\r\n\r\n<p>(3) F\u00fcr die Einhaltung der Eigentumsrechte, des Urheberschutzes, der Nutzungsrechte bzw. Copyrights der vom Auftraggeber bereit gestellten Inhalte (Zugangsdaten, Grafiken, Texte, Corporate Identity etc.) ist der Auftraggeber verantwortlich. Sollten durch die Bearbeitung der vom Auftraggeber zur Verf\u00fcgung gestellten Materialien Rechte Dritter verletzt werden, liegt dies nicht im Verantwortungsbereich vom DESIGNKOLLEKTIV Erfurt.<\/p>\r\n\r\n<p>(4) Das DESIGNKOLLEKTIV Erfurt \u00fcbernimmt keine Haftung f\u00fcr die inhaltliche Richtigkeit von Aussagen, die vom Auftraggeber an das DESIGNKOLLEKTIV Erfurt \u00fcbergeben werden. Erkundigungen diesbez\u00fcglich sind vom Auftraggeber selbst einzuholen und abzusichern.<\/p>\r\n\r\n<p>(5) Wird mit dem Auftraggeber der Zukauf einer Software oder die Verwendung einer Open Source-Software vereinbart, wird f\u00fcr Fehler, M\u00e4ngel und Sicherheitsl\u00fccken in dieser Software keine Haftung vom DESIGNKOLLEKTIV Erfurt \u00fcbernommen.<\/p>\r\n\r\n<p>(6) Wenn der Auftraggeber mit dem DESIGNKOLLEKTIV Erfurt per E-Mail korrespondiert, ist ihm bewusst, dass E-Mails nur bedingt sicher sind und nur bei Anwendung entsprechender Verschl\u00fcsselungsprogramme die Vertraulichkeit der E-Mails sicher gestellt werden kann. Verschl\u00fcsselungsprogramme werden nur auf ausdr\u00fccklichen Wunsch eingesetzt. Durch die \u00dcbersendung von E-Mails an das DESIGNKOLLEKTIV Erfurt best\u00e4tigt der Auftraggeber, dass er diese Risiken kennt.<\/p>\r\n\r\n<p>(7) Das DESIGNKOLLEKTIV Erfurt weist darauf hin, dass der Einbau einer Traffic-Analyse (Google Analytics) auf der Website datenschutzrechtlich problematisch ist wegen der \u00dcbermittlung der IP-Adressen der Besucher der Website an Google.<\/p>\r\n\r\n<p>Ebenso k\u00f6nnen automatisch Daten (IP-Adresse) eines Besucher der Website an die Social Media Netzwerke (z.B. Facebook) \u00fcbertragen werden, wenn er auf einen \u201eGef\u00e4llt mir\u201c-Button auf der Website klickt. Dies kann zu einer Abmahnung des Website-Betreibers f\u00fchren.<\/p>\r\n\r\n<p>Wird vom Kunden der Einbau von Google Analytics oder Empfehlungs-Buttons (z.B. Facebook \u201eGef\u00e4llt mir\u201c-Button) ausdr\u00fccklich beauftragt, so \u00fcbernimmt DESIGNKOLLEKTIV Erfurt keine Haftung f\u00fcr Verletzungen von Datenschutzvorschriften auf der Website des Kunden.<\/p>\r\n\r\n<p><strong>\u00a710 Gew\u00e4hrleistungspflicht<\/strong><\/p>\r\n\r\n<p>(1) Der Auftraggeber hat M\u00e4ngel innerhalb von einer Wochen nach Auftreten des Mangels schriftlich und detailliert anzuzeigen. Erfolgt die Anzeige nicht innerhalb oben genannter Frist, erl\u00f6schen die Gew\u00e4hrleistungsrechte.<\/p>\r\n\r\n<p>(2) Vom Auftraggeber wird bei Vorliegen eines Mangels die M\u00f6glichkeit einer Nachbearbeitung einger\u00e4umt.<\/p>\r\n\r\n<p>(3) Garantien im Rechtssinne werden vom DESIGNKOLLEKTIV Erfurt nicht erteilt.<\/p>\r\n\r\n<p><strong>\u00a711\u00a0Vorzeitige Aufl\u00f6sung und R\u00fccktritt vom Vertrag<\/strong><\/p>\r\n\r\n<p>(1) Die nachfolgenden Ausf\u00fchrungen gelten nicht f\u00fcr den Verkauf von Tickets (vgl. \u00a712 Ticketverkauf). Das DESIGNKOLLEKTIV Erfurt ist berechtigt, den Vertrag aus wichtigen Gr\u00fcnden mit sofortiger Wirkung aufzul\u00f6sen. Ein wichtiger Grund liegt insbesondere vor, wenn<\/p>\r\n\r\n<p>a) die Ausf\u00fchrung der Leistung aus Gr\u00fcnden, die der Kunde zu vertreten hat, unm\u00f6glich wird oder trotz Setzung einer Nachfrist von 14 Tagen weiter verz\u00f6gert wird;<\/p>\r\n\r\n<p>b) der Kunde fortgesetzt, trotz schriftlicher Abmahnung mit einer Nachfristsetzung von 14 Tagen, gegen wesentliche Verpflichtungen aus diesem Vertrag, wie z.B. Zahlung eines f\u00e4llig gestellten Betrages oder Mitwirkungspflichten, verst\u00f6\u00dft.<\/p>\r\n\r\n<p>c) berechtigte Bedenken hinsichtlich der Bonit\u00e4t des Kunden bestehen und dieser auf Begehren des Mediendesigners weder Vorauszahlungen leistet noch vor Leistung des Mediendesigners eine taugliche Sicherheit leistet;<\/p>\r\n\r\n<p>(2) Der Kunde ist berechtigt, den Vertrag aus wichtigen Gr\u00fcnden ohne Nachfristsetzung aufzul\u00f6sen. Ein wichtiger Grund liegt insbesondere dann vor, wenn der Mediendesigner fortgesetzt, trotz schriftlicher Abmahnung mit einer angemessenen Nachfrist von zumindest 14 Tagen zur Behebung des Vertragsversto\u00dfes gegen wesentliche Bestimmungen aus diesem Vertrag verst\u00f6\u00dft.<\/p>\r\n\r\n<p>(3) F\u00fcr den Fall des R\u00fccktritts vom Vertrag durch den Kunden, gilt ein zu zahlender Aufwendungsersatz in H\u00f6he von 50% des Auftragswertes unabh\u00e4ngig von der Dauer des Vertragsverh\u00e4ltnisses als wirksam vereinbart. Darin enthalten sind entstandene Aufwendungen und entgangener Gewinn. Der pauschale Aufwendungsersatz ist innerhalb 10 Tagen ab Abgabe der R\u00fccktrittserkl\u00e4rung auf das betreffende Konto zu zahlen, wenn der Betrag nicht bereits als Anzahlung geleistet wurde. Bei \u00dcberschreitung der Zahlungsfrist fallen die gesetzlichen Verzugszinsen an.<\/p>\r\n\r\n<p><strong>\u00a712 Ticketverkauf<\/strong><\/p>\r\n\r\n<p>Die Abwicklung des Verkaufs von Eintrittskarten, die zum Eintritt berechtigen (im folgenden &#8222;Tickets&#8220; genannt) f\u00fcr die online angebotenen Veranstaltungen erfolgt ausschlie\u00dflich zu den nachfolgenden Allgemeinen Gesch\u00e4ftsbedingungen.<\/p>\r\n\r\n<p>(1) Vertragsgrundlagen<\/p>\r\n\r\n<p>Durch den Kauf eines Tickets kommen in Bezug auf den Veranstaltungsbesuch vertragliche Beziehungen ausschlie\u00dflich zwischen der Ticketk\u00e4uferin bzw. dem Ticketk\u00e4ufer(Kunde)und dem\u00a0DESIGNKOLLEKTIV Erfurt\u00a0zustande. Das Angebot f\u00fcr einen Vertragsabschluss geht dabei vom Kunden aus, sobald er online seine Ticketbestellung aufgegeben hat.\u00a0Die Auftragsbest\u00e4tigung folgt im n\u00e4chsten Schritt.<\/p>\r\n\r\n<p>(2) Preise und Geb\u00fchren<\/p>\r\n\r\n<p>Der Kunde best\u00e4tigt im Online-Buchungsprozess die dort aufgef\u00fchrten Ticket- Endpreise. Diese werden im Rahmen des Bestellvorgangs ausgewiesen und sind Bestandteil des Vertrages zwischen dem Kunden und dem\u00a0DESIGNKOLLEKTIV Erfurt.<\/p>\r\n\r\n<p>(3) Zahlungsarten<\/p>\r\n\r\n<p>Die Bezahlung der Tickets erfolgt durch den K\u00e4ufer \u00fcber die angebotenen Zahlungsdienstleister (Kredit-\/Debitkarte, Paypal, Sofort oder giropay).<\/p>\r\n<p>(4) Lieferarten<\/p>\r\n\r\n<p>Das DESIGNKOLLEKTIV Erfurt erbringt gegen\u00fcber dem Kunden die Lieferung der von ihm gekauften Tickets ausschlie\u00dflich per Online-Ticket (E-Mail). Der Kunde tr\u00e4gt die Verantwortung f\u00fcr Richtigkeit der von ihm angegebenen E-Mail Adresse.<\/p>\r\n\r\n<p>(5) Einlasskontrolle<\/p>\r\n\r\n<p>Der Einlass in eine Veranstaltung ist nur mit einem g\u00fcltigen Ticket m\u00f6glich. Die Vorlage einer Bestellbest\u00e4tigung oder einer Rechnung reicht hierf\u00fcr nicht aus, es sei denn, es ist ausdr\u00fccklich etwas anderes angegeben oder vereinbart.<\/p>\r\n\r\n<p>(6) Verlegung oder Ausfall einer Veranstaltung<\/p>\r\n\r\n<p>Im Falle der Verlegung oder des Ausfalls einer Veranstaltung sind jegliche Anspr\u00fcche der Ticketk\u00e4ufer binnen 14 Tagen direkt beim jeweiligen Veranstalter geltend zu machen.\u00a0<\/p>\r\n\r\n<p>(7) Widerrufs- und R\u00fcckgaberecht<\/p>\r\n\r\n<p>Da das\u00a0DESIGNKOLLEKTIV Erfurt\u00a0ausschlie\u00dflich Tickets aus dem Bereich der Freizeitveranstaltungen anbietet, liegt kein Fernabsatzvertrag im Sinne von \u00a7 312 b BGB vor.<\/p>\r\n\r\n<p>Dies bedeutet, dass das f\u00fcr Fernabsatzvertr\u00e4ge gesetzlich vorgesehene zweiw\u00f6chige Widerrufs- und R\u00fcckgaberecht des Kunden durch eine gesetzliche Ausnahme ausgeschlossen ist. Jede Bestellung von Tickets ist damit unmittelbar nach Best\u00e4tigung durch das\u00a0DESIGNKOLLEKTIV Erfurt\u00a0bindend und verpflichtet zur Abnahme und un- verz\u00fcglichen Bezahlung der bestellten Tickets. Das\u00a0DESIGNKOLLEKTIV Erfurt\u00a0hat das Recht, bei Zahlungsverzug bzw. bis zum Vortag der Veranstaltung nicht bezahlte Tickets in den Verkauf zur\u00fcckzugeben.<\/p>\r\n\r\n<p>(8) Umtausch<\/p>\r\n\r\n<p>Ein Umtausch oder eine R\u00fcckgabe von Tickets ist ausgeschlossen.<\/p>\r\n\r\n<p><strong>\u00a713\u00a0Gutscheine<\/strong><\/p>\r\n\r\n<p>Gutscheine k\u00f6nnen online in verschiedenen H\u00f6hen gekauft werden. Der Versand erfolg als PDF-Datei per Mail oder ausgedruckt per Abholung.<\/p>\r\n\r\n<p>Gutscheine k\u00f6nnen vor Ort oder nach vorheriger Absprache im Webshop eingel\u00f6st werden. Eine Auszahlung oder Umwandlung von Gutscheinen in Geld ist nicht m\u00f6glich. Sollte die H\u00f6he des Gutscheines nicht f\u00fcr den Kauf ausreichen, muss der Differenz Betrag per \u00dcberweisung oder Paypal noch bezahlt werden &#8211; erst dann wird die Ware versendet.<\/p>\r\n\r\n<p>Die G\u00fcltigkeit eines Gutscheines betr\u00e4gt ab Kauf 3 Jahre.<\/p>\r\n\r\n<p><strong>\u00a714 Schlussbestimmungen<\/strong><\/p>\r\n\r\n<p>(1) Auf diesem Vertrag findet ausschlie\u00dflich das Recht der Bundesrepublik Deutschland Anwendung.<\/p>\r\n\r\n<p>(2) Wenn eine Bestimmung des Vertrages oder dieser Gesch\u00e4ftsbedingungen unwirksam sein oder werden sollte, ber\u00fchrt dies nicht die Wirksamkeit der anderen Vertragsbestimmungen. In diesem Falle sind die Parteien verpflichtet, der Vereinbarung einer Vertragsbestimmung zuzustimmen, die der unwirksamen Vertragsbestimmung wirtschaftlich m\u00f6glichst nahe kommt. Gleiches gilt f\u00fcr den Fall, dass sich Vertragsl\u00fccken herausstellen sollten.<\/p>\r\n\r\n<p>(Stand: 04\/2024)<\/p>\r\n<p>\u00a0<\/p>\r\n<p>[\/vc_column_text][\/vc_column][\/vc_row]<\/p>","protected":false},"excerpt":{"rendered":"<p>[vc_row][vc_column][vc_column_text] AGB [\/vc_column_text][\/vc_column][\/vc_row][vc_row][vc_column][vc_column_text] Allgemeine Gesch\u00e4ftsbedingungen \u00a71 Geltung der Bedingungen (1) DESIGNKOLLEKTIV Erfurt, Michaelisstra\u00dfe 19, 99084 Erfurt, erbringt s\u00e4mtliche Lieferungen und Leistungen ausschlie\u00dflich auf der Grundlage dieser Gesch\u00e4ftsbedingungen. Mit Auftragserteilung erkennt der Auftraggeber diese Gesch\u00e4ftsbedingungen an. (2) Abweichungen von diesen Gesch\u00e4ftsbedingungen sind nur wirksam, wenn\u00a0DESIGNKOLLEKTIV Erfurt\u00a0diese schriftlich best\u00e4tigt. \u00a72 Vertragsabschluss (1) Das von\u00a0DESIGNKOLLEKTIV Erfurt\u00a0abgegebene Angebot hat &hellip;<\/p>\n","protected":false},"author":1,"featured_media":0,"parent":0,"menu_order":0,"comment_status":"closed","ping_status":"closed","template":"","meta":{"inline_featured_image":false,"footnotes":""},"class_list":["post-28","page","type-page","status-publish","hentry"],"_links":{"self":[{"href":"https:\/\/shop.design-erfurt.de\/index.php?rest_route=\/wp\/v2\/pages\/28","targetHints":{"allow":["GET"]}}],"collection":[{"href":"https:\/\/shop.design-erfurt.de\/index.php?rest_route=\/wp\/v2\/pages"}],"about":[{"href":"https:\/\/shop.design-erfurt.de\/index.php?rest_route=\/wp\/v2\/types\/page"}],"author":[{"embeddable":true,"href":"https:\/\/shop.design-erfurt.de\/index.php?rest_route=\/wp\/v2\/users\/1"}],"replies":[{"embeddable":true,"href":"https:\/\/shop.design-erfurt.de\/index.php?rest_route=%2Fwp%2Fv2%2Fcomments&post=28"}],"version-history":[{"count":2,"href":"https:\/\/shop.design-erfurt.de\/index.php?rest_route=\/wp\/v2\/pages\/28\/revisions"}],"predecessor-version":[{"id":518,"href":"https:\/\/shop.design-erfurt.de\/index.php?rest_route=\/wp\/v2\/pages\/28\/revisions\/518"}],"wp:attachment":[{"href":"https:\/\/shop.design-erfurt.de\/index.php?rest_route=%2Fwp%2Fv2%2Fmedia&parent=28"}],"curies":[{"name":"wp","href":"https:\/\/api.w.org\/{rel}","templated":true}]}}