{"id":200,"date":"2021-11-11T11:48:46","date_gmt":"2021-11-11T10:48:46","guid":{"rendered":"https:\/\/shop.design-erfurt.de\/?post_type=product&#038;p=200"},"modified":"2022-12-19T13:37:40","modified_gmt":"2022-12-19T12:37:40","slug":"kalender-erfurt-2022","status":"publish","type":"product","link":"https:\/\/shop.design-erfurt.de\/?product=kalender-erfurt-2022","title":{"rendered":"Kalender Erfurt 2023"},"content":{"rendered":"<p>Zu Hause, im B\u00fcro oder wo auch immer, unser Erfurt-Kalender 2023 zieht \u00fcberall die Blicke auf sich.<\/p>\n<ul class=\"\">\n<li class=\"\">2022<\/li>\n<li class=\"\">12 einzigartige k\u00fcnstlerische Erfurt-Motive<\/li>\n<li class=\"\">Klimaneutral auf nachhaltigem FSC-Papier gedruckt.<\/li>\n<li class=\"\">umweltbewusst ohne Umverpackung<\/li>\n<\/ul>\n","protected":false},"excerpt":{"rendered":"<p>Zu Hause, im B\u00fcro oder wo auch immer, unser Erfurt-Kalender 2023 zieht \u00fcberall die Blicke auf sich. 2022 12 einzigartige k\u00fcnstlerische Erfurt-Motive Klimaneutral auf nachhaltigem FSC-Papier gedruckt. umweltbewusst ohne Umverpackung<\/p>\n","protected":false},"featured_media":425,"template":"","meta":{"inline_featured_image":false},"product_cat":[42,37],"product_tag":[],"class_list":{"0":"post-200","1":"product","2":"type-product","3":"status-publish","4":"has-post-thumbnail","6":"product_cat-neu","7":"product_cat-verschiedenes","8":"product_shipping_class-produkt-versand","10":"first","11":"outofstock","12":"taxable","13":"shipping-taxable","14":"purchasable","15":"product-type-simple"},"_links":{"self":[{"href":"https:\/\/shop.design-erfurt.de\/index.php?rest_route=\/wp\/v2\/product\/200","targetHints":{"allow":["GET"]}}],"collection":[{"href":"https:\/\/shop.design-erfurt.de\/index.php?rest_route=\/wp\/v2\/product"}],"about":[{"href":"https:\/\/shop.design-erfurt.de\/index.php?rest_route=\/wp\/v2\/types\/product"}],"wp:featuredmedia":[{"embeddable":true,"href":"https:\/\/shop.design-erfurt.de\/index.php?rest_route=\/wp\/v2\/media\/425"}],"wp:attachment":[{"href":"https:\/\/shop.design-erfurt.de\/index.php?rest_route=%2Fwp%2Fv2%2Fmedia&parent=200"}],"wp:term":[{"taxonomy":"product_cat","embeddable":true,"href":"https:\/\/shop.design-erfurt.de\/index.php?rest_route=%2Fwp%2Fv2%2Fproduct_cat&post=200"},{"taxonomy":"product_tag","embeddable":true,"href":"https:\/\/shop.design-erfurt.de\/index.php?rest_route=%2Fwp%2Fv2%2Fproduct_tag&post=200"}],"curies":[{"name":"wp","href":"https:\/\/api.w.org\/{rel}","templated":true}]}}